Let g be s(-8). Let h = g + u. What is the tens digit of h?
5
Let w = 485 + -486. What is the thousands digit of (3/(-6) + w + 2)*2826?
1
Suppose 2*w - 3*w - 98 = 0. Let k = w + 20. Let p = -35 - k. What is the tens digit of p?
4
What is the hundreds digit of (11*-1389)/((697 + -702)*2/10)?
2
Let s be (-56)/3*81/(-54). Let m = 0 + s. What is the tens digit of m?
2
Suppose -17 = 3*u - 38. Suppose 0 = -u*q - 632 + 2956. What is the units digit of q?
2
Suppose 5*z - 16189 = -k, -101*k = -105*k - 5*z + 64696. What is the hundreds digit of k?
1
What is the units digit of 13746/24 + (-90)/120?
2
Let i = -42600 - -85254. What is the hundreds digit of i?
6
What is the thousands digit of (-1132)/(-24 - (-4780)/200)?
1
Let m = -6244 + 6246. Let x(b) = 2*b**2 + 5*b + 3. Let a be x(5). What is the units digit of -3 + (a - m) + -2?
1
Let c(x) = -2*x**2 - 225*x + 124. What is the hundreds digit of c(-95)?
4
Let y = 1592 - -12973. What is the thousands digit of y?
4
Let c = -35 + 39. Let y be ((-24)/(-12))/(c/18). Let s = y + 2. What is the tens digit of s?
1
Let p(i) = 15*i**2 + 73*i + 79. What is the tens digit of p(-10)?
4
Let h(s) = 2109*s + 591. What is the hundreds digit of h(3)?
9
Suppose -48*w = -45*w - 168. Suppose 11*a - w = 263. What is the units digit of a?
9
Suppose -7*w = -a - 4*w + 780, 4*w - 2340 = -3*a. Suppose -8*b - a = -11*b. What is the tens digit of b?
6
Let h(j) = -285*j**2 + 21*j - 10. Let p(l) = -2*l. Let y(c) = -h(c) - 4*p(c). What is the hundreds digit of y(2)?
1
Let g = -50 - 99. What is the tens digit of (0 + 4)/(-4)*g - -1?
5
Let b(h) = 3*h**2 + 14*h - 2. Let v = 18 - 15. Suppose 2*x + 19 = 5*u - 20, -v*x - 41 = -4*u. What is the units digit of b(x)?
7
What is the units digit of (-729621)/(-108) + ((-1)/3)/(4/(-3))?
6
Let a = -5109 + 8063. What is the thousands digit of a?
2
Suppose -7*y + 191556 = o, 4*y - 2*o + 109472 = 8*y. What is the thousands digit of y?
7
What is the hundreds digit of 9321/1434 + (-146929)/(-2)?
4
Let j = 26928 + -19226. What is the hundreds digit of j?
7
What is the units digit of ((-10)/(-6))/(3/(156942/5))?
8
Let k = 4308 + 3524. What is the units digit of k?
2
Let c(o) be the third derivative of o**6/72 + o**5/10 - 17*o**4/24 + 27*o**2. Let x(f) be the second derivative of c(f). What is the units digit of x(3)?
2
Let y(k) be the third derivative of k**6/120 - k**5/60 - k**4/24 - 2*k**3/3 - 2*k**2 + 2*k. What is the tens digit of y(6)?
7
Let v = -368 + 386. Suppose -10*y + v*y = 10368. What is the thousands digit of y?
1
Let m = -15984 - -30065. What is the thousands digit of m?
4
Let k = -245 - -150. What is the units digit of (-10)/k + (-187451)/(-209)?
7
Let w = -138 + 154. Suppose -w*u + 7144 = -1128. What is the tens digit of u?
1
Suppose 7*q - 5905 - 37530 = 0. What is the tens digit of q?
0
Suppose a + 8 = 4*t, 5*a - 3*a - 2 = -t. Let i(v) = v**2 + v - 4. Let m be i(t). Suppose -m*f + 24 = 2. What is the tens digit of f?
1
Suppose 3*t - 26*t = -5060. Suppose 221*v = t*v + 1386. What is the hundreds digit of v?
3
Suppose -342 = -s - g, -5*s - 2*g + 1290 = -429. Suppose z - 3*i + 4*i - s = 0, -3*i = 15. What is the units digit of z?
0
Let t = 13828 + 54639. What is the hundreds digit of t?
4
Let o be (-1)/10 - 561/(-110). Let h = 25 + -5. Suppose h = t + 3*n, 5*t + 4*n - 51 = o. What is the units digit of t?
8
Suppose -2*k = -2*f - 72, 5*k - 75 = 2*f - 0*k. Let s be (1 + -31)/(5 - f/(-5)). Let x = s - -1. What is the tens digit of x?
1
Suppose -q = -4, -4*p + 7*p + 2*q - 6050 = 0. What is the hundreds digit of p?
0
Let h(k) = -k**2 - 25*k - 36. Let c(g) = g**3 + 7*g**2 + g + 8. Let y be c(-7). Let i = -11 - y. What is the units digit of h(i)?
0
Suppose 4*r + 283 = 31. Let x = 143 + r. What is the units digit of x?
0
Let y(i) = i**3 + 2*i**2 - 19*i + 11. Let l be (7 + 1 + -3)/(-1). What is the units digit of y(l)?
1
Suppose -2*y - 1794 = -0*o + 2*o, 2*o = -y - 1794. Let u = -279 - o. What is the units digit of u?
8
Suppose -h + 431*l = 435*l - 5722, -2*h + 5*l = -11470. What is the tens digit of h?
3
Suppose -10*w + 5*w = 5*u + 55, w = -3*u - 27. Let l be -4 + u/(2 - 3) + -1. Suppose 5*v = -l*v + 616. What is the units digit of v?
7
Let j be -147*2*4/(-24). Suppose -2*m + 160 = 4*v, -3*m + j*v - 46*v + 213 = 0. What is the tens digit of m?
7
Let w(f) = f**3 + 2*f**2 - 3*f + 4. Let n(p) = p**3 - 2*p**2 - 2*p + 1. Let g be n(2). Let l be w(g). What is the units digit of (105/12 + 3)*l?
7
Suppose 517*g - 511*g - 132 = 0. Suppose 4*m + f + 0*f = -22, 4 = 2*f. Let t = g - m. What is the tens digit of t?
2
What is the tens digit of (10 + -5)*(188716/330)/(4/6)?
8
Let v(k) = -72*k**2 - 16*k - 43. Let n(h) = -18*h**2 - 4*h - 11. Let c(w) = -9*n(w) + 2*v(w). Let z be c(5). Let u = z + -290. What is the hundreds digit of u?
1
Let t(v) = 17*v**3 - 5*v**2 + 9*v - 4. Let b be t(2). Let n = 130 + b. What is the hundreds digit of n?
2
Let l = -2 + 24. Suppose -2*n = -4 - 2, l = 2*p + 4*n. Suppose -p*u - 276 = -3*v, 3*v = -0*u - u + 276. What is the tens digit of v?
9
Suppose 0 = r - 0*r + f - 7284, -14558 = -2*r + 3*f. Suppose -15*q - 7*q + r = 0. What is the hundreds digit of q?
3
Suppose 0 = -2*h - 8, -2*h + 124 - 770 = -2*p. Let w = p + -172. What is the units digit of w?
7
Let g be 0/(1*3/3). Suppose -6 = j + 5*s, j - 4*s - 12 = -g. Let o(i) = i + 6. What is the tens digit of o(j)?
1
Let w(l) = -3*l + 41. Let t be w(13). Suppose -12 = -t*f - 2*f. Suppose -361 = -f*d - 22. What is the hundreds digit of d?
1
Let b(v) = -v**2 + 5*v - 18. Let u be b(9). What is the units digit of (-10)/(-12) - 711/u?
4
Let w = -1987 - -13557. What is the ten thousands digit of w?
1
Let k(d) = -d**3 - 7*d**2 + 8*d + 8. Let w be k(-7). Let g = 51 + w. What is the tens digit of (3 + (-10)/4)/(g/258)?
4
Let t = -183 + -523. Let x = -159 - t. What is the hundreds digit of x?
5
Let f be ((-4)/5)/(1/((-1730)/4)). Let l be (2/2)/((1/f)/1). Suppose y + l = 4*m - y, 0 = -m - 2*y + 99. What is the tens digit of m?
8
Suppose z - 3*z + 4*g - 6 = 0, -2*g - 2 = -2*z. Suppose -z*m = 5 - 0. What is the units digit of 992/(-40)*m*5?
4
Let n = -8592 - -11515. What is the units digit of n?
3
Let c be 72/60 - 4/(-5). Suppose -3*w = 3*r - 210, 1 = -c*w - 9. What is the hundreds digit of (7 + (-27)/6)*(r - 1)?
1
Suppose 8*c - 5*c - 33 = 0. Let a = 56 + c. What is the tens digit of a?
6
Suppose 0 = 3*c + 5 - 14. Suppose -g - 331 = -4*p, -c*p + 2*g = 5*g - 252. Suppose 2*u - p = 115. What is the tens digit of u?
9
Let s = 676 - 676. Suppose -15*t + 8963 + 6082 = s. What is the tens digit of t?
0
Suppose 1 - 4 = 3*x. Let a(n) = 15*n - 663. Let o be a(45). Let c = x + o. What is the units digit of c?
1
Let x(s) be the third derivative of -s**5/60 - 7*s**4/12 - 5*s**3/2 - 8*s**2. Let w be x(-6). What is the tens digit of ((0 - -3)*1)/(1/w)?
9
Suppose -178*k = -1391558 - 95454. What is the units digit of k?
4
Let z = 18894 - 5327. What is the hundreds digit of z?
5
Suppose 21*n = 30 + 33. What is the hundreds digit of 470/2 - (n + -2 + -4)?
2
Let t(l) = -l**3 - 10*l**2 - 40*l - 581. What is the units digit of t(-16)?
5
Suppose -m + 10 = 18, 5*w - 292950 = 5*m. What is the tens digit of w?
8
Suppose 2646 = -89*b + 83*b. Let f = 55 - b. What is the units digit of f?
6
Suppose 15 = -3*p, -2*p = r - 4*p - 1148. Let l = -352 + r. What is the units digit of l?
6
Suppose 0 = -2*w - 185 + 275. What is the tens digit of 2830/3 - (-30)/w?
4
Let u = -123 + 141. Let q(h) = 75*h - 99. What is the units digit of q(u)?
1
Let w = 37 + -28. Let j be w/(-6)*2 + -1. What is the units digit of 18/j*32/(-72)?
2
What is the thousands digit of ((-616)/(-66))/28*(-34458)/(-2)?
5
Let j be (-4)/36*-21*9. Suppose -18*n = -j*n + 387. Suppose -y = 2*y - n. What is the units digit of y?
3
Let z(i) be the third derivative of i**5/15 - 5*i**4/12 - i**3/2 + 21*i**2 + 5*i. Suppose 0 = p + 2*p - 21. What is the tens digit of z(p)?
2
Suppose -u + 4*g = g - 5283 - 33189, -3*g = 0. What is the thousands digit of u?
8
What is the thousands digit of ((-36)/(-24))/(3/31216)?
5
Suppose d - 2091 = -3*s + 23495, -2*s = -3*d - 17050. What is the tens digit of s?
2
Suppose -5*v - 14 = s - 89, 0 = -2*v + 10. Let t(b) = 5*b + 16. Let r be t(-7). Let y = s - r. What is the units digit of y?
9
Let k(t)